6/9?
7
Suppose 4*j + j = 2*f + 35, 0 = -4*j - 3*f + 5. Suppose -109 - 101 = -j*d. What is the tens digit of d?
4
Let s = -2 - -2. Suppose s = 2*l + 18 + 2. What is the units digit of -2 + (-1 + 0)*l?
8
What is the tens digit of (-1)/(-2)*2*19?
1
Let t be 30*(-1)/((-3)/(-2)). Let n = t - -43. What is the units digit of n?
3
Suppose 2*r + 5*u = 29, -r - 2*u = -4*r + 34. Let b = 19 - r. Suppose -6 = -2*v + 4*p, v + 3*p - 11 = b. What is the units digit of v?
9
Let a = -11 - -1. Let l = -4 - a. What is the units digit of (-42)/(-4)*l/9?
7
Suppose -u + 6*u + z + 9 = 0, -z - 1 = u. Let l be ((-3)/(-3))/(u/52). Let x = -15 - l. What is the units digit of x?
1
Let p be (2 + (-20)/3)*-3. Let h = p - -12. What is the units digit of h?
6
Let c = 92 - 32. Suppose j + c = 6*j. What is the units digit of j/30 - 36/(-10)?
4
What is the units digit of ((-126)/(-15))/((-4)/(-50))?
5
Let b = 108 + 35. Suppose 3*u - b = p, -5 = 3*u - 4*p - 163. What is the tens digit of u?
4
Let k(x) = 4*x**2 + 5*x + 13. Let j(w) = 7*w**2 + 11*w + 26. Let r(u) = 3*j(u) - 5*k(u). What is the units digit of r(-6)?
1
Suppose y - r + 5*r = 6, 4*y - r = -10. Let t = 2 + y. Suppose 4*l = h + 65, t = -3*h - 15 - 0. What is the tens digit of l?
1
Suppose 0 = -5*x - 5*v + 560, -4*x + 5*v - 184 + 632 = 0. What is the units digit of x?
2
Suppose -99 + 330 = 3*b. What is the tens digit of b?
7
Let n be (2/(-2))/(2/(-252)). Suppose -5*j - 16 + n = 0. What is the tens digit of j?
2
Suppose k = -3*s + 2, 4*k = -k + 2*s + 61. Suppose k = 2*l + 1. What is the units digit of l?
5
Suppose 2*h = -16 + 26. What is the tens digit of 13 + h - 0/(-2)?
1
Suppose 2*k = -3*k + 95. Let p be k - 2 - (1 - 2). What is the tens digit of (-4)/18 - (-328)/p?
1
Let r(c) = -4*c - 3. Let i be r(-5). Let n = 30 - i. What is the units digit of n?
3
Let w(m) be the third derivative of -m**5/60 + 7*m**4/24 - 2*m**2. What is the tens digit of w(3)?
1
Let n = 79 + 2. What is the tens digit of n?
8
Let z = 5 + -8. What is the units digit of 6/(-4)*4/z?
2
Suppose -5*l = -w - 0*l - 17, 2*l - 8 = 0. Let h = -1 + w. Suppose -k = 2*m - 20, 0*k + 4 = h*m - 3*k. What is the units digit of m?
8
Let c = 85 + -59. What is the tens digit of c?
2
Let b(w) = -w**2 - 5*w - 5. Let u be b(-6). Suppose -4*y - 100 = y. Let c = u - y. What is the units digit of c?
9
Let r = -2 - 28. Let w = r - -55. What is the tens digit of w?
2
Let i = -10 - -104. What is the tens digit of i?
9
Suppose -3*a - a + 28 = 0. Suppose -5*n - a = -5*x - 42, 2*n = -5*x + 7. Suppose n = 2*s - 0*s. What is the units digit of s?
3
Let s(n) = n**3 - 10*n**2 + 7*n - 2. Let d be s(9). Let o = -7 - d. Let b = o - 9. What is the units digit of b?
4
Let c = 36 - 40. Let n(q) = -q - 6. Let r be n(-5). What is the units digit of r/(-2) - 46/c?
2
Let a(y) be the third derivative of -y**4/2 - y**3/6 - 2*y**2. What is the units digit of a(-1)?
1
What is the units digit of (7 + -5)/(4/86)?
3
Let a(z) = z**3 + 9*z**2 + 5*z - 10. Let b be a(-8). Suppose -b = h - 68. What is the tens digit of h?
5
Let s(r) be the third derivative of r**5/60 + 5*r**4/24 - r**3 - r**2. Let z be s(-7). Let t = z + -2. What is the units digit of t?
6
Suppose 4*d = 10 + 6. Suppose 5*b = -d*n + 30, 3*n - 6 - 7 = b. Let v = 3 - b. What is the units digit of v?
1
Suppose 0 = 2*p - 6*p - 64. Let a = p + 39. What is the tens digit of a?
2
Let a = 391 + -156. What is the hundreds digit of a?
2
Suppose -3*y = -5*r - 2*y + 76, r = -3*y + 28. What is the units digit of r?
6
Let c = -3 + 13. What is the tens digit of 4/(-2 - (-24)/c)?
1
Suppose 0 = 2*o - 2, -4*p + 8 = -o - 3. Suppose 2*k + p*a - 72 = -3*k, 2*k - 4*a = 34. What is the units digit of k?
5
Let b(l) = 2*l**2 - 3. What is the units digit of b(3)?
5
Let n = 68 - 32. What is the units digit of n?
6
Let u(i) = i**3 + 9*i**2 + 4*i + 15. What is the units digit of u(-7)?
5
Let p(c) = -c**2 - c. Let x be p(-3). Let d(t) = -2*t. Let o(f) = -6*f. Let l(g) = -8*d(g) + 3*o(g). What is the tens digit of l(x)?
1
Let j(r) = -2*r**3 - r**2 - r - 1. Let a be j(-1). Suppose -2*p = -a - 13. What is the units digit of p?
7
Let h(o) = o**3 + 7*o**2 + 2*o + 11. Let v be h(-6). Let t(r) = 3*r**3 - r - 1. Let a be t(-2). Let c = a + v. What is the units digit of c?
2
Suppose 5*x - 42 = -k, -3*k - 2*k + 231 = 4*x. What is the tens digit of k?
4
Let s(y) = y. Let w(p) = p**2 - 5*p + 2. Let f be w(3). Let l be s(f). What is the units digit of (2 + (l - 1))*-1?
3
What is the tens digit of 375 - (-7)/((-7)/(-4))?
7
Let l(c) = -c - 1. Let u be l(-7). Let i = u + -11. What is the units digit of i/(-2)*(-8)/(-10)?
2
Suppose -n = -2*n + 33. Let k be (-2 + -3)/((-1)/1). Suppose d - 2 - k = -w, -4*w - 5*d = -n. What is the units digit of w?
2
Suppose 3*a - 6 = -0*a. Let k be 2*a/4 - -11. Suppose q = 5*r + 7 - 3, r = -3*q + k. What is the units digit of q?
4
Suppose -3*v + v - 2*s + 8 = 0, -v - 4*s - 5 = 0. Let l(z) = z**3 + 2*z - 1. Let p be l(1). Suppose v = x - p. What is the units digit of x?
9
Let f(d) = 7*d**2 + 8*d + 5. Let h(v) = -10*v**2 - 12*v - 8. Let b(x) = 8*f(x) + 5*h(x). Let r be b(-3). What is the units digit of ((-4)/(-12))/(2/r)?
7
Let a be (-34)/(-6) + (-3)/(-9). Suppose 5*u - a = -1. What is the units digit of u?
1
Suppose -2*x + x = 0. Suppose -5*i - t + 57 = x, 8 - 29 = -3*i - 5*t. Suppose 0 = -4*n - 0 + i. What is the units digit of n?
3
Suppose 2*v + 243 = 11*v. What is the units digit of v?
7
Suppose 2*k = -2*f + 78, -2*f = -1 - 1. What is the tens digit of k?
3
Let t = 105 - 73. Suppose 2*p - 5*s - 5 = t, 5 = -s. What is the units digit of p + -1 + 0 + 2?
7
Let a be -1 + -1 - -4 - -1. Let t be (a/12)/(1/4). What is the units digit of (2/2)/t - 0?
1
Suppose y + 12 = 5*l, 5*y - 20 - 10 = -5*l. Suppose -2*h = -2*d - 2*d + 116, -12 = l*h. What is the tens digit of d?
2
Let q(x) = 6*x - 4 - 2*x + 0*x + 3*x**2. Let v be q(-4). Suppose 4*l + v = 4*n, 0*l - 4*l = 8. What is the units digit of n?
5
Suppose 0 = 2*v + 8, -3*u + 2*u + 247 = 2*v. What is the hundreds digit of u?
2
Suppose -4 = 3*q + q. Let f = q + 21. What is the tens digit of f?
2
Suppose -5*i + 3*o + 5 = 2, 2*i = -3*o + 18. Suppose i*r - 40 = r. Suppose 19 = 5*u - 3*s - 9, 0 = -5*u + 5*s + r. What is the units digit of u?
8
Let u(d) = -d**2 + 7*d + 3. Let t be u(5). Let l = 24 - t. Suppose r - 8 = -6*j + 3*j, -2*r - j = -l. What is the units digit of r?
5
Suppose -2*f - 668 = 184. What is the units digit of f/(-21) + 4/(-14)?
0
Suppose 2*n + 17 = 73. What is the units digit of n?
8
Suppose -2*h + 10 = -0, 5*h = 3*u + 25. Suppose -4*y + 30 + 34 = u. What is the tens digit of y?
1
Let d(n) = -n + 5. Let y be d(6). Let h be (-17)/(y - 0 - 0). Suppose -3*s = -4*g - h, -3*s = -3*g - 24 + 9. What is the units digit of s?
3
Let t(u) = 6*u**2 - 11*u + 16. What is the tens digit of t(8)?
1
Suppose 0 = -3*k + 4*k - 31. What is the units digit of k?
1
Let s(j) = -j**2 - 3*j - 1. Let r be s(-5). What is the units digit of -1 - r/(22/60)?
9
Suppose 4*i = 2*p - 40, -2*i + 1 = 5*p + 21. Let h = i + 19. What is the units digit of h?
9
Let v be ((-196)/6)/((-3)/9). Suppose -2*q = -3*d - d - 58, -4*q = d - v. What is the tens digit of q?
2
Let h be 6 + -3 + (-108)/(-3). Let l = h - 18. Let v = -11 + l. What is the units digit of v?
0
Suppose -2*j + 0*j = -134. What is the tens digit of j?
6
Let k = 7 + -14. Let d = 1 - k. Let r = 0 + d. What is the units digit of r?
8
Let w = 22 + 14. Suppose -5*g = -g - w. What is the units digit of g?
9
What is the tens digit of ((-18)/15)/(8/(-380))?
5
Let y(b) = b**2 - 6*b - 6. What is the units digit of y(7)?
1
Let v(g) = g**2 - 2*g + 3. What is the units digit of v(5)?
8
Suppose -u + 43 - 104 = 0. Let x = -24 - u. What is the units digit of x?
7
Suppose 3*c - 105 = y, -3*c - y = -4*y - 105. What is the tens digit of c?
3
Suppose -49*m = -51*m + 50. What is the units digit of m?
5
Let j = -155 + 259. What is the units digit of j?
4
Suppose 2*m - 124 = 4*t, 172 = 4*m - m + t. What is the tens digit of m?
5
Let q(p) = -10 + 4 + 5 - 10*p + 0. Suppose -5*w + 4 = 3*b, -3*w = -b + 5*b + 2. What is the tens digit of q(b)?
1
Suppose -3*p = -5*z + 9, 3*z = -2*p + 3*p + 7. Let u(b) = -b + 5. Let t be u(4). What is the units digit of 1/(t/15*z)?
5
Suppose 6*y - 235 = 3*y - 5*b, -65 = -y 